100
Convert -255 (base 9) to base 11.
-183
Convert 41 (base 5) to base 12.
19
-4 (base 15) to base 10
-4
Convert 26 (base 12) to base 14.
22
Convert -a (base 14) to base 4.
-22
Convert -3 (base 13) to base 6.
-3
What is 2 (base 16) in base 5?
2
What is -5 (base 15) in base 10?
-5
Convert 13 (base 6) to base 3.
100
Convert -101 (base 6) to base 11.
-34
What is 14 (base 7) in base 8?
13
What is -101110 (base 2) in base 3?
-1201
What is 36 (base 10) in base 8?
44
35 (base 13) to base 11
40
Convert -4 (base 13) to base 9.
-4
Convert 324 (base 10) to base 13.
1bc
Convert -1 (base 2) to base 10.
-1
What is 11 (base 7) in base 8?
10
What is -17 (base 10) in base 11?
-16
What is 11110 (base 2) in base 5?
110
What is -6 (base 16) in base 7?
-6
Convert -110 (base 3) to base 2.
-1100
What is 0 (base 15) in base 6?
0
322 (base 4) to base 15
3d
Convert 5e (base 16) to base 11.
86
1 (base 4) to base 6
1
What is -4 (base 15) in base 16?
-4
100 (base 2) to base 9
4
What is 0 (base 7) in base 5?
0
Convert b1 (base 12) to base 7.
250
120 (base 5) to base 15
25
21 (base 4) to base 11
9
What is 30 (base 13) in base 7?
54
Convert 121 (base 11) to base 15.
99
What is 4 (base 8) in base 11?
4
What is 1 (base 4) in base 7?
1
Convert -7 (base 13) to base 4.
-13
Convert 8 (base 9) to base 6.
12
116 (base 13) to base 3
20222
What is -15 (base 6) in base 7?
-14
73 (base 11) to base 2
1010000
What is -54 (base 14) in base 6?
-202
What is -21 (base 3) in base 11?
-7
Convert 4 (base 10) to base 7.
4
44 (base 5) to base 14
1a
What is 111211 (base 3) in base 15?
19d
102 (base 6) to base 14
2a
42 (base 14) to base 11
53
-5 (base 9) to base 7
-5
0 (base 6) to base 4
0
13 (base 4) to base 6
11
Convert 35 (base 9) to base 6.
52
What is -a (base 11) in base 6?
-14
Convert -3 (base 9) to base 11.
-3
What is -1051 (base 6) in base 7?
-502
Convert 5 (base 15) to base 9.
5
2110 (base 3) to base 13
51
What is 2d (base 14) in base 16?
29
-3 (base 15) to base 9
-3
-1 (base 11) to base 15
-1
-4 (base 7) to base 6
-4
What is -10 (base 2) in base 6?
-2
Convert -141 (base 7) to base 14.
-58
What is -74 (base 8) in base 16?
-3c
What is 3 (base 5) in base 2?
11
1010 (base 3) to base 5
110
4 (base 8) to base 9
4
16 (base 9) to base 3
120
Convert 9 (base 10) to base 3.
100
What is -259 (base 10) in base 16?
-103
Convert -34 (base 13) to base 9.
-47
What is -3 (base 4) in base 8?
-3
13 (base 9) to base 15
c
What is 1 (base 10) in base 14?
1
What is 35 (base 6) in base 16?
17
What is -12 (base 4) in base 13?
-6
-5 (base 15) to base 5
-10
What is -2 (base 7) in base 16?
-2
What is 46 (base 16) in base 9?
77
What is 2 (base 12) in base 4?
2
Convert 121 (base 4) to base 12.
21
-228 (base 10) to base 8
-344
6 (base 15) to base 8
6
Convert -9 (base 16) to base 9.
-10
-1c (base 16) to base 3
-1001
What is 60 (base 10) in base 2?
111100
What is 2 (base 10) in base 16?
2
What is 2 (base 5) in base 12?
2
-2 (base 8) to base 9
-2
Convert -103 (base 4) to base 12.
-17
What is -4 (base 16) in base 10?
-4
Convert 152 (base 12) to base 6.
542
-1002 (base 3) to base 8
-35
-12 (base 3) to base 13
-5
110 (base 9) to base 2
1011010
412 (base 5) to base 3
10222
What is -c (base 14) in base 8?
-14
4 (base 7) to base 13
4
-11 (base 8) to base 11
-9
2 (base 13) to base 4
2
What is 13 (base 4) in base 6?
11
108 (base 9) to base 4
1121
What is -137 (base 16) in base 8?
-467
-4 (base 8) to base 11
-4
What is 1032 (base 4) in base 7?
141
What is -114 (base 6) in base 3?
-1201
Convert 1011 (base 2) to base 15.
b
Convert -66 (base 10) to base 9.
-73
What is 101 (base 4) in base 6?
25
What is -11 (base 16) in base 2?
-10001
11 (base 12) to base 14
d
Convert -5 (base 14) to base 15.
-5
Convert -7 (base 9) to base 8.
-7
-1102 (base 3) to base 10
-38
-14 (base 11) to base 8
-17
What is -5 (base 9) in base 14?
-5
-100 (base 2) to base 15
-4
Convert 3 (base 9) to base 4.
3
What is 8 (base 9) in base 12?
8
What is 247 (base 8) in base 5?
1132
Convert -44 (base 15) to base 14.
-48
What is -1201 (base 3) in base 2?
-101110
-16 (base 10) to base 12
-14
What is 5 (base 16) in base 15?
5
-3 (base 4) to base 16
-3
-202 (base 7) to base 6
-244
-15 (base 13) to base 16
-12
-a4 (base 16) to base 4
-2210
Convert 7 (base 16) to base 8.
7
Convert 3 (base 15) to base 8.
3
Convert 2211 (base 3) to base 5.
301
Convert -36 (base 12) to base 2.
-101010
What is 142 (base 6) in base 5?
222
What is -2 (base 6) in base 9?
-2
-1 (base 3) to base 6
-1
0 (base 10) to base 2
0
Convert 9 (base 11) to base 8.
11
Convert 3 (base 15) to base 7.
3
7 (base 12) to base 2
111
What is 2 (base 16) in base 13?
2
Convert 47 (base 14) to base 5.
223
Convert -1010 (base 6) to base 3.
-22020
What is 3 (base 9) in base 8?
3
Convert -2033 (base 4) to base 10.
-143
What is -405 (base 7) in base 3?
-21110
Convert 101 (base 8) to base 4.
1001
Convert -21 (base 10) to base 3.
-210
Convert 0 (base 3) to base 2.
0
What is 4 (base 12) in base 5?
4
What is 3 (base 6) in base 8?
3
57 (base 12) to base 4
1003
3 (base 5) to base 16
3
What is 1b (base 13) in base 2?
11000
-5 (base 9) to base 15
-5
What is 11 (base 4) in base 3?
12
Convert e (base 16) to base 4.
32
What is 4 (base 8) in base 9?
4
3 (base 7) to base 11
3
What is 0 (base 6) in base 9?
0
Convert -26 (base 12) to base 3.
-1010
Convert 216 (base 7) to base 10.
111
Convert -13 (base 11) to base 2.
-1110
Convert 0 (base 8) to base 16.
0
What is -5 (base 15) in base 8?
-5
1a (base 13) to base 2
10111
11 (base 3) to base 6
4
Convert -12 (base 6) to base 13.
-8
Convert 2 (base 13) to base 2.
10
Convert 30 (base 12) to base 2.
100100
Convert 0 (base 4) to base 7.
0
What is -124 (base 5) in base 12?
-33
-4 (base 9) to base 13
-4
Convert -20 (base 7) to base 14.
-10
What is 8 (base 13) in base 4?
20
What is 2 (base 16) in base 14?
2
Convert 5 (base 12) to base 2.
101
Convert 3 (base 5) to base 3.
10
9a (base 15) to base 7
265
What is 3 (base 14) in base 4?
3
What is -6 (base 16) in base 7?
-6
Convert -25 (base 8) to base 10.
-21
What is 2 (base 15) in base 5?
2
6a (base 15) to base 7
202
-26 (base 16) to base 7
-53
33 (base 4) to base 3
120
Convert -3 (base 12) to base 8.
-3
Convert 2 (base 3) to base 13.
2
Convert 1 (base 13) to base 12.
1
Convert -5 (base 9) to base 15.
-5
-11 (base 3) to base 2
-100
What is -5 (base 12) in base 7?
-5
Convert 47 (base 12) to base 14.
3d
Convert -2d (base 15) to base 2.
-101011
Convert -44 (base 6) to base 3.
-1001
1101 (base 2) to base 13
10
1 (base 7) to base 5
1
22 (base 10) to base 8
26
-1 (base 12) to base 5
-1
Convert 65 (base 11) to base 15.
4b
What is -15 (base 8) in base 9?
-14
5 (base 11) to base 10
5
What is -2 (base 5) in base 10?
-2
7 (base 9) to base 8
7
-3001 (base 4) to base 10
-193
Convert 7c (base 16) to base 15.
84
Convert -5 (base 6) to base 9.
-5
10 (base 6) to base 4
12
What is 10111 (base 2) in base 10?
23
Convert 300 (base 11) to base 5.
2423
What is 100 (base 2) in base 12?
4
What is 32 (base 4) in base 13?
11
What is -3c (base 15) in base 10?
-57
-72 (base 9) to base 6
-145
What is -10001 (base 3) in base 15?
-57
What is -1100000 (base 2) in base 12?
-80
-354 (base 9) to base 5
-2132
Convert -39 (base 13) to base 8.
-60
What is 1 (base 10) in base 5?
1
What is -24 (base 10) in base 11?
-22
3 (base 5) to base 8
3
14 (base 7) to base 12
b
Convert 43 (base 7) to base 11.
29
What is -65 (base 8) in base 6?
-125
Convert -1 (base 3) to base 16.
-1
2 (base 4) to base 13
2
Convert 15 (base 15) to base 2.
10100
What is -10 (base 3) in base 9?
-3
What is 99 (base 10) in base 15?
69
What is -17 (base 11) in base 5?
-33
Convert 0 (base 7) to base 9.
0
Convert 0 (base 7) to base 10.
0
Convert 3 (base 4) to base 5.
3
What is 4 (base 5) in base 7?
4
Convert 20 (base 6) to base 4.
30
What is -18 (base 13) in base 15?
-16
What is -2 (base 12) in base 14?
-2
Convert -3 (base 14) to base 12.
-3
25 (base 13) to base 16
1f
Convert 1000 (base 2) to base 15.
8
-2001 (base 4) to base 9
-153
What is -6 (base 11) in base 13?
-6
-120 (base 5) to base 3
-1022
0 (base 3) to base 2
0
What is 25 (base 6) in base 4?
101
Convert 13 (base 13) to base 16.
10
15 (base 14) to base 10
19
46 (base 8) to base 7
53
a (base 12) to base 8
12
6 (base 13) to base 3
20
Convert -3 (base 12) to base 2.
-11
What is